ime factors of 97818?
2, 3, 7, 17, 137
List the prime factors of 69268.
2, 17317
What are the prime factors of 7556759?
7, 313, 3449
What are the prime factors of 5551761?
3, 1850587
List the prime factors of 127377.
3, 14153
List the prime factors of 8994885.
3, 5, 19, 37, 853
What are the prime factors of 26540339?
7, 367, 10331
What are the prime factors of 3323727?
3, 11, 19, 31
What are the prime factors of 331653?
3, 7, 17, 929
List the prime factors of 1093198.
2, 546599
List the prime factors of 331648.
2, 2591
List the prime factors of 5085011.
5085011
What are the prime factors of 2251742?
2, 1125871
List the prime factors of 28281.
3, 11, 857
List the prime factors of 403812.
2, 3, 3739
What are the prime factors of 54025?
5, 2161
What are the prime factors of 1603562?
2, 19, 2221
What are the prime factors of 9478648?
2, 101, 11731
What are the prime factors of 2286918?
2, 3, 127051
What are the prime factors of 4846474?
2, 2423237
List the prime factors of 5675810.
2, 5, 7, 81083
List the prime factors of 13294374.
2, 3, 17, 130337
What are the prime factors of 1402556?
2, 29, 107, 113
List the prime factors of 278057.
13, 73, 293
What are the prime factors of 250314?
2, 3, 41719
List the prime factors of 530031.
3, 176677
List the prime factors of 1101262.
2, 550631
List the prime factors of 21726380.
2, 5, 13, 83563
What are the prime factors of 490584?
2, 3, 20441
What are the prime factors of 3020682?
2, 3, 7, 23, 53, 59
What are the prime factors of 2777196?
2, 3, 231433
List the prime factors of 7645465.
5, 1529093
What are the prime factors of 33576244?
2, 13, 49669
List the prime factors of 2084236.
2, 7, 11, 67, 101
List the prime factors of 793602.
2, 3, 44089
What are the prime factors of 1077806?
2, 139, 3877
What are the prime factors of 1073329?
17, 19, 3323
What are the prime factors of 231365?
5, 46273
What are the prime factors of 268389?
3, 11, 2711
List the prime factors of 250976.
2, 11, 23, 31
List the prime factors of 2997420.
2, 3, 5, 49957
What are the prime factors of 69197?
69197
List the prime factors of 292548.
2, 3, 24379
List the prime factors of 1492875.
3, 5, 1327
What are the prime factors of 3896884?
2, 601, 1621
What are the prime factors of 3932529?
3, 541, 2423
What are the prime factors of 481260?
2, 3, 5, 13, 617
List the prime factors of 1625672.
2, 203209
What are the prime factors of 180749?
180749
What are the prime factors of 19528693?
2287, 8539
List the prime factors of 169370.
2, 5, 16937
What are the prime factors of 263221?
7, 31, 1213
List the prime factors of 7692693.
3, 239, 10729
What are the prime factors of 21096032?
2, 659251
What are the prime factors of 2264621?
17, 133213
What are the prime factors of 810236?
2, 7, 19, 1523
List the prime factors of 10955032.
2, 11, 124489
What are the prime factors of 259337?
13, 19949
List the prime factors of 6041780.
2, 5, 181, 1669
What are the prime factors of 1672864?
2, 61, 857
What are the prime factors of 1195643?
653, 1831
List the prime factors of 615613.
89, 6917
What are the prime factors of 3832?
2, 479
List the prime factors of 707741.
83, 8527
What are the prime factors of 1519441?
7, 11, 2819
List the prime factors of 1455700.
2, 5, 14557
List the prime factors of 286480.
2, 5, 3581
What are the prime factors of 10347985?
5, 17, 53, 2297
What are the prime factors of 7274007?
3, 13, 62171
List the prime factors of 6553910.
2, 5, 11, 59581
What are the prime factors of 144699?
3, 139, 347
List the prime factors of 608588.
2, 152147
List the prime factors of 11874770.
2, 5, 139, 8543
What are the prime factors of 646721?
646721
What are the prime factors of 955289?
29, 32941
List the prime factors of 2819647.
2819647
List the prime factors of 29101560.
2, 3, 5, 31, 7823
List the prime factors of 278801.
278801
List the prime factors of 1350543.
3, 547, 823
List the prime factors of 19408.
2, 1213
List the prime factors of 374117.
374117
What are the prime factors of 1470245?
5, 7, 17, 353
What are the prime factors of 44458?
2, 22229
List the prime factors of 1198784.
2, 18731
List the prime factors of 1675466.
2, 13, 4957
What are the prime factors of 10024326?
2, 3, 13, 42839
What are the prime factors of 195935?
5, 149, 263
List the prime factors of 1777764.
2, 3, 148147
List the prime factors of 3434008.
2, 47, 9133
List the prime factors of 20131.
41, 491
What are the prime factors of 47963?
47963
List the prime factors of 3315834.
2, 3, 41, 4493
List the prime factors of 198220.
2, 5, 11, 17, 53
What are the prime factors of 3840401?
3840401
List the prime factors of 10912526.
2, 29, 188147
What are the prime factors of 10153833?
3, 23, 31, 47, 101
What are the prime factors of 776097?
3, 7, 97, 127
List the prime factors of 26631624.
2, 3, 61, 18191
What are the prime factors of 1817182?
2, 908591
List the prime factors of 87689.
7, 12527
What are the prime factors of 4666136?
2, 583267
List the prime factors of 9644764.
2, 2411191
List the prime factors of 478021.
19, 139, 181
What are the prime factors of 378636?
2, 3, 139, 227
List the prime factors of 40442301.
3, 1497863
What are the prime factors of 276482?
2, 138241
What are the prime factors of 8454899?
17, 673, 739
List the prime factors of 2080443.
3, 17, 19, 113
What are the prime factors of 738614?
2, 73, 5059
What are the prime factors of 13375951?
1223, 10937
List the prime factors of 15427634.
2, 7713817
List the prime factors of 8994239.
19, 473381
List the prime factors of 62416.
2, 47, 83
What are the prime factors of 5835768?
2, 3, 243157
List the prime factors of 3340487.
3340487
List the prime factors of 42766491.
3, 14255497
What are the prime factors of 1124557?
7, 160651
List the prime factors of 1321794.
2, 3, 73433
List the prime factors of 775529.
457, 1697
What are the prime factors of 94599?
3, 23, 457
List the prime factors of 541591.
379, 1429
What are the prime factors of 2342814?
2, 3, 19, 20551
What are the prime factors of 45037?
29, 1553
What are the prime factors of 2235388?
2, 19, 67, 439
List the prime factors of 240886.
2, 43, 2801
List the prime factors of 16753457.
7, 2393351
What are the prime factors of 7725787?
7725787
List the prime factors of 72528.
2, 3, 1511
What are the prime factors of 6549487?
7, 73, 1831
List the prime factors of 851505.
3, 5, 56767
What are the prime factors of 28735369?
13, 2210413
List the prime factors of 635030.
2, 5, 11, 23, 251
What are the prime factors of 155402?
2, 13, 43, 139
What are the prime factors of 893531?
443, 2017
List the prime factors of 786290.
2, 5, 61, 1289
What are the prime factors of 879809?
7, 125687
What are the prime factors of 15567815?
5, 71, 43853
What are the prime factors of 8198310?
2, 3, 5, 19, 757
List the prime factors of 3423225.
3, 5, 13, 3511
What are the prime factors of 2787157?
2787157
List the prime factors of 8214110.
2, 5, 821411
List the prime factors of 68636.
2, 17159
List the prime factors of 273510.
2, 3, 5, 1013
What are the prime factors of 1884579?
3, 628193
What are the prime factors of 183873?
3, 61291
List the prime factors of 1514381.
11, 31, 4441
What are the prime factors of 3618486?
2, 3, 113, 593
List the prime factors of 6820993.
6820993
What are the prime factors of 117345?
3, 5, 7823
What are the prime factors of 167313?
3, 43, 1297
List the prime factors of 2292621.
3, 53, 14419
List the prime factors of 132743.
13, 10211
List the prime factors of 68819.
68819
What are the prime factors of 663196?
2, 165799
List the prime factors of 7569049.
19, 131, 3041
What are the prime factors of 794521?
7, 13, 8731
List the prime factors of 30065976.
2, 3, 417583
List the prime factors of 2602493.
349, 7457
What are the prime factors of 32194728?
2, 3, 149, 3001
What are the prime factors of 1327888?
2, 149, 557
What are the prime factors of 395204?
2, 98801
List the prime factors of 11965.
5, 2393
List the prime factors of 167673.
3, 11, 5081
List the prime factors of 74671.
89, 839
What are the prime factors of 26227954?
2, 67, 195731
What are the prime factors of 9347980?
2, 5, 467399
What are the prime factors of 172726?
2, 67, 1289
List the prime factors of 486579.
3, 241, 673
What are the prime factors of 261654?
2, 3, 43609
What 